 divisor of 103728 and 336?
48
What is the highest common factor of 330 and 2330?
10
What is the highest common divisor of 237712 and 1660?
332
What is the greatest common divisor of 2511 and 1795644?
279
Calculate the highest common divisor of 16794 and 144.
18
What is the greatest common factor of 4366 and 132016?
74
What is the highest common divisor of 29828 and 2?
2
What is the highest common divisor of 81 and 1521234?
27
What is the highest common factor of 4080 and 2100?
60
What is the highest common factor of 1572522 and 84?
42
Calculate the highest common factor of 222 and 7782.
6
Calculate the highest common divisor of 21605 and 61835.
745
What is the highest common divisor of 937075 and 25?
25
Calculate the greatest common divisor of 434 and 1449.
7
What is the highest common factor of 1369 and 24457?
37
What is the greatest common divisor of 5616 and 18928?
208
Calculate the highest common divisor of 3695 and 40.
5
What is the greatest common factor of 60872 and 112?
56
What is the highest common factor of 1076 and 20?
4
Calculate the greatest common divisor of 10517 and 312.
13
What is the highest common factor of 592000 and 444?
148
Calculate the greatest common divisor of 18000 and 168.
24
What is the highest common factor of 30 and 311940?
30
What is the greatest common divisor of 5249 and 9050?
181
Calculate the greatest common factor of 24 and 189768.
24
Calculate the highest common divisor of 5917 and 51701.
97
What is the greatest common divisor of 14572404 and 882?
882
What is the greatest common factor of 80 and 747820?
20
Calculate the greatest common divisor of 939 and 11238891.
939
Calculate the highest common divisor of 446 and 3883322.
446
What is the greatest common factor of 75 and 6287475?
75
What is the greatest common factor of 7348 and 704?
44
Calculate the highest common factor of 6068166 and 78.
78
What is the greatest common divisor of 15025 and 650?
25
What is the highest common divisor of 2021 and 20862783?
2021
Calculate the greatest common factor of 1428719 and 951.
317
What is the greatest common factor of 13 and 36361?
13
What is the highest common factor of 537876 and 446?
446
Calculate the greatest common factor of 8944733 and 7.
7
What is the greatest common factor of 529 and 1411372?
529
Calculate the highest common divisor of 48 and 81624.
24
What is the greatest common factor of 686432 and 57?
19
Calculate the greatest common factor of 75206 and 186.
62
Calculate the highest common factor of 16102 and 1826.
166
What is the highest common divisor of 2639 and 18067?
203
What is the greatest common factor of 252251 and 15247?
193
What is the highest common divisor of 1490 and 1310?
10
What is the greatest common factor of 23168 and 320?
64
What is the highest common factor of 3375 and 60?
15
What is the highest common factor of 200603 and 676?
169
What is the highest common factor of 100 and 535450?
50
What is the greatest common factor of 2043 and 459?
9
What is the highest common factor of 231 and 96987?
33
What is the greatest common factor of 20 and 459120?
20
Calculate the highest common divisor of 2 and 332326.
2
What is the highest common factor of 178 and 722?
2
What is the highest common divisor of 14252 and 84?
28
Calculate the greatest common factor of 168 and 310758.
42
Calculate the greatest common factor of 4097 and 51.
17
What is the highest common factor of 120 and 186780?
60
Calculate the greatest common divisor of 403789 and 1165.
233
Calculate the greatest common factor of 1390 and 556.
278
What is the greatest common divisor of 1776878 and 212?
106
Calculate the highest common factor of 272 and 17232.
16
What is the highest common divisor of 108989 and 73?
73
Calculate the greatest common divisor of 3883 and 67070.
353
Calculate the highest common factor of 6649617 and 78.
39
Calculate the highest common factor of 167834 and 62.
62
What is the greatest common factor of 50 and 262155?
5
Calculate the highest common divisor of 615 and 320415.
615
Calculate the highest common divisor of 403 and 125333.
403
Calculate the greatest common factor of 2191 and 328337.
313
Calculate the greatest common divisor of 239270 and 5.
5
Calculate the greatest common factor of 2057 and 18887.
187
What is the highest common factor of 675 and 6?
3
Calculate the greatest common divisor of 3570 and 115260.
510
Calculate the highest common divisor of 542094 and 42.
42
What is the highest common factor of 676 and 67769?
169
Calculate the greatest common factor of 61198 and 8806.
74
Calculate the highest common factor of 6707 and 72523.
19
Calculate the highest common divisor of 12064 and 1017088.
928
Calculate the greatest common factor of 20416 and 1408.
704
What is the greatest common divisor of 2754 and 1431?
27
What is the highest common divisor of 94 and 26602?
94
Calculate the greatest common factor of 49 and 100030.
7
Calculate the highest common divisor of 18437 and 34189.
179
What is the greatest common divisor of 11766 and 24?
6
What is the greatest common factor of 48 and 7357008?
48
What is the greatest common divisor of 424 and 5210536?
424
What is the greatest common divisor of 448 and 136640?
448
What is the greatest common divisor of 28116 and 1980?
396
What is the highest common divisor of 22803 and 8877?
33
What is the greatest common divisor of 262632 and 279?
93
Calculate the greatest common factor of 838792 and 48.
8
Calculate the highest common factor of 1796754 and 114.
114
Calculate the greatest common divisor of 30838 and 238.
34
What is the greatest common factor of 39127 and 33?
11
Calculate the greatest common divisor of 27 and 12339.
27
Calculate the highest common divisor of 1526 and 8.
2
Calculate the highest common divisor of 118888 and 84.
28
Calculate the highest common divisor of 25760 and 98.
14
What is the highest common factor of 65788 and 12?
4
Calculate the highest common factor of 861 and 287.
287
Calculate the highest common factor of 1134672 and 693.
231
Calculate the highest common divisor of 13 and 11642.
1
Calculate the greatest common divisor of 1418211 and 9.
9
Calculate the highest common divisor of 3077096 and 176.
88
What is the greatest common factor of 107344 and 80?
16
Calculate the greatest common factor of 20744 and 40.
8
Calculate the greatest common divisor of 3058 and 913.
11
Calculate the highest common divisor of 351 and 4113.
9
What is the greatest common divisor of 59895 and 36?
9
Calculate the greatest common divisor of 476 and 181152.
68
Calculate the greatest common factor of 8633 and 2047.
89
Calculate the highest common divisor of 117 and 127107.
9
What is the greatest common divisor of 6580 and 79618?
658
Calculate the greatest common divisor of 3768 and 332055.
471
What is the highest common divisor of 22321 and 63869?
221
Calculate the greatest common factor of 18 and 10950.
6
Calculate the highest common factor of 604 and 305775.
151
Calculate the greatest common factor of 140616 and 3968.
248
What is the greatest common factor of 3927 and 15351?
357
What is the highest common factor of 5192 and 29264?
472
What is the greatest common divisor of 969 and 136?
17
Calculate the greatest common factor of 126 and 192654.
126
What is the highest common factor of 1928 and 256?
8
What is the greatest common factor of 53748 and 972?
36
Calculate the greatest common factor of 584 and 3285.
73
What is the greatest common divisor of 161391 and 621?
69
Calculate the greatest common factor of 25474 and 68292.
542
Calculate the greatest common divisor of 64172 and 610.
122
What is the greatest common divisor of 114 and 38532?
114
What is the highest common factor of 244296 and 232?
232
Calculate the highest common divisor of 210855 and 15.
15
What is the greatest common factor of 133 and 141778?
133
Calculate the greatest common factor of 362 and 5119404.
362
Calculate the highest common divisor of 4368 and 2877.
21
Calculate the highest common divisor of 11594 and 21318.
374
What is the greatest common divisor of 3681 and 1647?
9
Calculate the highest common divisor of 45 and 120690.
45
What is the highest common divisor of 1674510 and 120?
30
Calculate the greatest common divisor of 357273 and 315.
63
What is the greatest common divisor of 11